{"version":"1.0","provider_name":"narteks.net","provider_url":"https:\/\/narteks.net","author_name":"Tar\u0131k","author_url":"https:\/\/narteks.net\/index.php\/author\/narbak\/","title":"Arif DAMAR Biyografisi","type":"rich","width":600,"height":338,"html":"<blockquote class=\"wp-embedded-content\" data-secret=\"jARhYw2Ypm\"><a href=\"https:\/\/narteks.net\/index.php\/2009\/02\/27\/arif-damar-biyografisi\/\">Arif DAMAR Biyografisi<\/a><\/blockquote><iframe sandbox=\"allow-scripts\" security=\"restricted\" src=\"https:\/\/narteks.net\/index.php\/2009\/02\/27\/arif-damar-biyografisi\/embed\/#?secret=jARhYw2Ypm\" width=\"600\" height=\"338\" title=\"&#8220;Arif DAMAR Biyografisi&#8221; &#8212; narteks.net\" data-secret=\"jARhYw2Ypm\" frameborder=\"0\" marginwidth=\"0\" marginheight=\"0\" scrolling=\"no\" class=\"wp-embedded-content\"><\/iframe><script type=\"text\/javascript\">\n\/* <![CDATA[ *\/\n\/*! This file is auto-generated *\/\n!function(d,l){\"use strict\";l.querySelector&&d.addEventListener&&\"undefined\"!=typeof URL&&(d.wp=d.wp||{},d.wp.receiveEmbedMessage||(d.wp.receiveEmbedMessage=function(e){var t=e.data;if((t||t.secret||t.message||t.value)&&!\/[^a-zA-Z0-9]\/.test(t.secret)){for(var s,r,n,a=l.querySelectorAll('iframe[data-secret=\"'+t.secret+'\"]'),o=l.querySelectorAll('blockquote[data-secret=\"'+t.secret+'\"]'),c=new RegExp(\"^https?:$\",\"i\"),i=0;i<o.length;i++)o[i].style.display=\"none\";for(i=0;i<a.length;i++)s=a[i],e.source===s.contentWindow&&(s.removeAttribute(\"style\"),\"height\"===t.message?(1e3<(r=parseInt(t.value,10))?r=1e3:~~r<200&&(r=200),s.height=r):\"link\"===t.message&&(r=new URL(s.getAttribute(\"src\")),n=new URL(t.value),c.test(n.protocol))&&n.host===r.host&&l.activeElement===s&&(d.top.location.href=t.value))}},d.addEventListener(\"message\",d.wp.receiveEmbedMessage,!1),l.addEventListener(\"DOMContentLoaded\",function(){for(var e,t,s=l.querySelectorAll(\"iframe.wp-embedded-content\"),r=0;r<s.length;r++)(t=(e=s[r]).getAttribute(\"data-secret\"))||(t=Math.random().toString(36).substring(2,12),e.src+=\"#?secret=\"+t,e.setAttribute(\"data-secret\",t)),e.contentWindow.postMessage({message:\"ready\",secret:t},\"*\")},!1)))}(window,document);\n\/\/# sourceURL=https:\/\/narteks.net\/wp-includes\/js\/wp-embed.min.js\n\/* ]]> *\/\n<\/script>\n","description":"Arif Damar ( d. 23 Temmuz 1925, Gelibolu, \u00c7anakkale &#8211; \u00f6. 20 Ekim 2010, G\u00f6ztepe, \u0130stanbul) \u00c7anakkale&#8217;nin Gelibolu il\u00e7esi Karainebey k\u00f6y\u00fcnde 23 Temmuz 1925 g\u00fcn\u00fc do\u011fdu. \u0130lkokulu \u00c7anakkale&#8217;de, ortaokulu \u0130stanbul&#8217;daki Yenikap\u0131 Ortaokulu&#8217;nda bitirdi. \u0130stanbul Erkek Lisesi&#8217;ndeki \u00f6\u011frenimini iki y\u0131l sonra b\u0131rakt\u0131. \u015eiir yazmaya orta birinci s\u0131n\u0131f \u00f6\u011frencisi iken ba\u015flad\u0131. \u0130lk \u015fiiri Edirne&#8217;de Ak\u015fam, 1940 y\u0131l\u0131nda [&hellip;]","thumbnail_url":"http:\/\/i43.tinypic.com\/2dkkco.jpg"}

Tarık

Arif Damar ( d. 23 Temmuz 1925, Gelibolu, Çanakkale &#8211; ö. 20 Ekim 2010, Göztepe, İstanbul) Çanakkale&#8217;nin Gelibolu ilçesi Karainebey köyünde 23 Temmuz 1925 günü doğdu. İlkokulu Çanakkale&#8217;de, ortaokulu İstanbul&#8217;daki Yenikapı Ortaokulu&#8217;nda bitirdi. İstanbul Erkek Lisesi&#8217;ndeki öğrenimini iki yıl sonra bıraktı. Şiir yazmaya orta birinci sınıf öğrencisi iken başladı. İlk şiiri Edirne&#8217;de Akşam, 1940 yılında [&hellip;]
