{"version":"1.0","provider_name":"narteks.net","provider_url":"https:\/\/narteks.net","author_name":"Tar\u0131k","author_url":"https:\/\/narteks.net\/index.php\/author\/narbak\/","title":"F. Engels: Almanya'da Devrim ve Kar\u015f\u0131-Devrim (1.B\u00f6l\u00fcm)","type":"rich","width":600,"height":338,"html":"<blockquote class=\"wp-embedded-content\" data-secret=\"gp1PKwL8My\"><a href=\"https:\/\/narteks.net\/index.php\/2009\/03\/01\/f-engels-almanyada-devrim-ve-karsi-devrim-1bolum\/\">F. Engels: Almanya&#8217;da Devrim ve Kar\u015f\u0131-Devrim (1.B\u00f6l\u00fcm)<\/a><\/blockquote><iframe sandbox=\"allow-scripts\" security=\"restricted\" src=\"https:\/\/narteks.net\/index.php\/2009\/03\/01\/f-engels-almanyada-devrim-ve-karsi-devrim-1bolum\/embed\/#?secret=gp1PKwL8My\" width=\"600\" height=\"338\" title=\"&#8220;F. Engels: Almanya&#8217;da Devrim ve Kar\u015f\u0131-Devrim (1.B\u00f6l\u00fcm)&#8221; &#8212; narteks.net\" data-secret=\"gp1PKwL8My\" frameborder=\"0\" marginwidth=\"0\" marginheight=\"0\" scrolling=\"no\" class=\"wp-embedded-content\"><\/iframe><script type=\"text\/javascript\">\n\/* <![CDATA[ *\/\n\/*! This file is auto-generated *\/\n!function(d,l){\"use strict\";l.querySelector&&d.addEventListener&&\"undefined\"!=typeof URL&&(d.wp=d.wp||{},d.wp.receiveEmbedMessage||(d.wp.receiveEmbedMessage=function(e){var t=e.data;if((t||t.secret||t.message||t.value)&&!\/[^a-zA-Z0-9]\/.test(t.secret)){for(var s,r,n,a=l.querySelectorAll('iframe[data-secret=\"'+t.secret+'\"]'),o=l.querySelectorAll('blockquote[data-secret=\"'+t.secret+'\"]'),c=new RegExp(\"^https?:$\",\"i\"),i=0;i<o.length;i++)o[i].style.display=\"none\";for(i=0;i<a.length;i++)s=a[i],e.source===s.contentWindow&&(s.removeAttribute(\"style\"),\"height\"===t.message?(1e3<(r=parseInt(t.value,10))?r=1e3:~~r<200&&(r=200),s.height=r):\"link\"===t.message&&(r=new URL(s.getAttribute(\"src\")),n=new URL(t.value),c.test(n.protocol))&&n.host===r.host&&l.activeElement===s&&(d.top.location.href=t.value))}},d.addEventListener(\"message\",d.wp.receiveEmbedMessage,!1),l.addEventListener(\"DOMContentLoaded\",function(){for(var e,t,s=l.querySelectorAll(\"iframe.wp-embedded-content\"),r=0;r<s.length;r++)(t=(e=s[r]).getAttribute(\"data-secret\"))||(t=Math.random().toString(36).substring(2,12),e.src+=\"#?secret=\"+t,e.setAttribute(\"data-secret\",t)),e.contentWindow.postMessage({message:\"ready\",secret:t},\"*\")},!1)))}(window,document);\n\/\/# sourceURL=https:\/\/narteks.net\/wp-includes\/js\/wp-embed.min.js\n\/* ]]> *\/\n<\/script>\n","description":"I. DEVR\u0130M PATLAK VERD\u0130\u011e\u0130 SIRADA ALMANYA Avrupa k\u0131tas\u0131ndaki devrimci dram\u0131n birinci perdesi bitti. 1848 f\u0131rt\u0131nas\u0131ndan \u00f6nceki, &#8220;d\u00fcnk\u00fc g\u00fc\u00e7ler&#8221;, yeniden &#8220;g\u00fcn\u00fcn g\u00fc\u00e7leri&#8221;dirler; ve az\u00e7ok tan\u0131nm\u0131\u015f, bir g\u00fcnl\u00fck beyler, ge\u00e7ici y\u00f6netmenler, triomviralar, diktat\u00f6rler, temsilci maiyetleri ile, sivil ve askeri komiserler, valiler, yarg\u0131\u00e7lar, generaller, subaylar ve askerler ile birlikte, oralarda &#8220;in partibus infidelium&#8221;[98] yeni h\u00fck\u00fcmetler, Avrupa komiteleri,[188] merkez [&hellip;]","thumbnail_url":"http:\/\/upload.wikimedia.org\/wikipedia\/commons\/7\/71\/Engels.jpg"}

Tarık

F. Engels: Almanya'da Devrim ve Karşı-Devrim (1.Bölüm)

<blockquote class="wp-embedded-content" data-secret="gp1PKwL8My"><a href="https://narteks.net/index.php/2009/03/01/f-engels-almanyada-devrim-ve-karsi-devrim-1bolum/">F. Engels: Almanya&#8217;da Devrim ve Karşı-Devrim (1.Bölüm)</a></blockquote><iframe sandbox="allow-scripts" security="restricted" src="https://narteks.net/index.php/2009/03/01/f-engels-almanyada-devrim-ve-karsi-devrim-1bolum/embed/#?secret=gp1PKwL8My" width="600" height="338" title="&#8220;F. Engels: Almanya&#8217;da Devrim ve Karşı-Devrim (1.Bölüm)&#8221; &#8212; narteks.net" data-secret="gp1PKwL8My" frameborder="0" marginwidth="0" marginheight="0" scrolling="no" class="wp-embedded-content"></iframe><script type="text/javascript">
/* <![CDATA[ */
/*! This file is auto-generated */
!function(d,l){"use strict";l.querySelector&&d.addEventListener&&"undefined"!=typeof URL&&(d.wp=d.wp||{},d.wp.receiveEmbedMessage||(d.wp.receiveEmbedMessage=function(e){var t=e.data;if((t||t.secret||t.message||t.value)&&!/[^a-zA-Z0-9]/.test(t.secret)){for(var s,r,n,a=l.querySelectorAll('iframe[data-secret="'+t.secret+'"]'),o=l.querySelectorAll('blockquote[data-secret="'+t.secret+'"]'),c=new RegExp("^https?:$","i"),i=0;i<o.length;i++)o[i].style.display="none";for(i=0;i<a.length;i++)s=a[i],e.source===s.contentWindow&&(s.removeAttribute("style"),"height"===t.message?(1e3<(r=parseInt(t.value,10))?r=1e3:~~r<200&&(r=200),s.height=r):"link"===t.message&&(r=new URL(s.getAttribute("src")),n=new URL(t.value),c.test(n.protocol))&&n.host===r.host&&l.activeElement===s&&(d.top.location.href=t.value))}},d.addEventListener("message",d.wp.receiveEmbedMessage,!1),l.addEventListener("DOMContentLoaded",function(){for(var e,t,s=l.querySelectorAll("iframe.wp-embedded-content"),r=0;r<s.length;r++)(t=(e=s[r]).getAttribute("data-secret"))||(t=Math.random().toString(36).substring(2,12),e.src+="#?secret="+t,e.setAttribute("data-secret",t)),e.contentWindow.postMessage({message:"ready",secret:t},"*")},!1)))}(window,document);
//# sourceURL=https://narteks.net/wp-includes/js/wp-embed.min.js
/* ]]> */
</script>

I. DEVRİM PATLAK VERDİĞİ SIRADA ALMANYA Avrupa kıtasındaki devrimci dramın birinci perdesi bitti. 1848 fırtınasından önceki, &#8220;dünkü güçler&#8221;, yeniden &#8220;günün güçleri&#8221;dirler; ve azçok tanınmış, bir günlük beyler, geçici yönetmenler, triomviralar, diktatörler, temsilci maiyetleri ile, sivil ve askeri komiserler, valiler, yargıçlar, generaller, subaylar ve askerler ile birlikte, oralarda &#8220;in partibus infidelium&#8221;[98] yeni hükümetler, Avrupa komiteleri,[188] merkez [&hellip;]
