{"version":"1.0","provider_name":"narteks.net","provider_url":"https:\/\/narteks.net","author_name":"Tar\u0131k","author_url":"https:\/\/narteks.net\/index.php\/author\/narbak\/","title":"Ataol BEHRAMO\u011eLU Biyografisi","type":"rich","width":600,"height":338,"html":"<blockquote class=\"wp-embedded-content\" data-secret=\"eCTk4UcNva\"><a href=\"https:\/\/narteks.net\/index.php\/2009\/03\/02\/ataol-behramoglu-biyografisi\/\">Ataol BEHRAMO\u011eLU Biyografisi<\/a><\/blockquote><iframe sandbox=\"allow-scripts\" security=\"restricted\" src=\"https:\/\/narteks.net\/index.php\/2009\/03\/02\/ataol-behramoglu-biyografisi\/embed\/#?secret=eCTk4UcNva\" width=\"600\" height=\"338\" title=\"&#8220;Ataol BEHRAMO\u011eLU Biyografisi&#8221; &#8212; narteks.net\" data-secret=\"eCTk4UcNva\" frameborder=\"0\" marginwidth=\"0\" marginheight=\"0\" scrolling=\"no\" class=\"wp-embedded-content\"><\/iframe><script type=\"text\/javascript\">\n\/* <![CDATA[ *\/\n\/*! This file is auto-generated *\/\n!function(d,l){\"use strict\";l.querySelector&&d.addEventListener&&\"undefined\"!=typeof URL&&(d.wp=d.wp||{},d.wp.receiveEmbedMessage||(d.wp.receiveEmbedMessage=function(e){var t=e.data;if((t||t.secret||t.message||t.value)&&!\/[^a-zA-Z0-9]\/.test(t.secret)){for(var s,r,n,a=l.querySelectorAll('iframe[data-secret=\"'+t.secret+'\"]'),o=l.querySelectorAll('blockquote[data-secret=\"'+t.secret+'\"]'),c=new RegExp(\"^https?:$\",\"i\"),i=0;i<o.length;i++)o[i].style.display=\"none\";for(i=0;i<a.length;i++)s=a[i],e.source===s.contentWindow&&(s.removeAttribute(\"style\"),\"height\"===t.message?(1e3<(r=parseInt(t.value,10))?r=1e3:~~r<200&&(r=200),s.height=r):\"link\"===t.message&&(r=new URL(s.getAttribute(\"src\")),n=new URL(t.value),c.test(n.protocol))&&n.host===r.host&&l.activeElement===s&&(d.top.location.href=t.value))}},d.addEventListener(\"message\",d.wp.receiveEmbedMessage,!1),l.addEventListener(\"DOMContentLoaded\",function(){for(var e,t,s=l.querySelectorAll(\"iframe.wp-embedded-content\"),r=0;r<s.length;r++)(t=(e=s[r]).getAttribute(\"data-secret\"))||(t=Math.random().toString(36).substring(2,12),e.src+=\"#?secret=\"+t,e.setAttribute(\"data-secret\",t)),e.contentWindow.postMessage({message:\"ready\",secret:t},\"*\")},!1)))}(window,document);\n\/\/# sourceURL=https:\/\/narteks.net\/wp-includes\/js\/wp-embed.min.js\n\/* ]]> *\/\n<\/script>\n","description":"13 Nisan 1942\u2019de \u0130stanbul \u00c7atalca\u2019da do\u011fdu. \u0130lk\u00f6\u011frenimini Kars ve \u00c7ank\u0131r\u0131&#8217;da yapt\u0131. 1966&#8217;de Ankara \u00dcniversitesi Dil ve Tarih Co\u011frafya Fak\u00fcltesi Rus Dili ve Edebiyat\u0131 b\u00f6l\u00fcm\u00fcn\u00fc bitirdi. 1962&#8217;de T\u00fcrkiye \u0130\u015f\u00e7i Partisi&#8217;ne girerek ilk \u00f6rg\u00fctlenme \u00e7al\u0131\u015fmalar\u0131na kat\u0131ld\u0131. &#8220;Fikir Kul\u00fcpleri Federasyonu&#8221;nun (FKF) kurucular\u0131 aras\u0131nda yer ald\u0131. &#8220;D\u00f6n\u00fc\u015f\u00fcm&#8221; dergisininin kurulu\u015f \u00e7al\u0131\u015fmalar\u0131na kat\u0131ld\u0131, sahipli\u011fini \u00fcstlendi.1970&#8217;te \u0130smet \u00d6zel\u2019le birlikte &#8220;Halk\u0131n Dostlar\u0131&#8221; dergisini [&hellip;]","thumbnail_url":"http:\/\/www.okumasitesi.com\/photos\/2\/8\/28_20089_26_10_47_10_619987.jpg"}

Tarık

Ataol BEHRAMOĞLU Biyografisi

<blockquote class="wp-embedded-content" data-secret="eCTk4UcNva"><a href="https://narteks.net/index.php/2009/03/02/ataol-behramoglu-biyografisi/">Ataol BEHRAMOĞLU Biyografisi</a></blockquote><iframe sandbox="allow-scripts" security="restricted" src="https://narteks.net/index.php/2009/03/02/ataol-behramoglu-biyografisi/embed/#?secret=eCTk4UcNva" width="600" height="338" title="&#8220;Ataol BEHRAMOĞLU Biyografisi&#8221; &#8212; narteks.net" data-secret="eCTk4UcNva" frameborder="0" marginwidth="0" marginheight="0" scrolling="no" class="wp-embedded-content"></iframe><script type="text/javascript">
/* <![CDATA[ */
/*! This file is auto-generated */
!function(d,l){"use strict";l.querySelector&&d.addEventListener&&"undefined"!=typeof URL&&(d.wp=d.wp||{},d.wp.receiveEmbedMessage||(d.wp.receiveEmbedMessage=function(e){var t=e.data;if((t||t.secret||t.message||t.value)&&!/[^a-zA-Z0-9]/.test(t.secret)){for(var s,r,n,a=l.querySelectorAll('iframe[data-secret="'+t.secret+'"]'),o=l.querySelectorAll('blockquote[data-secret="'+t.secret+'"]'),c=new RegExp("^https?:$","i"),i=0;i<o.length;i++)o[i].style.display="none";for(i=0;i<a.length;i++)s=a[i],e.source===s.contentWindow&&(s.removeAttribute("style"),"height"===t.message?(1e3<(r=parseInt(t.value,10))?r=1e3:~~r<200&&(r=200),s.height=r):"link"===t.message&&(r=new URL(s.getAttribute("src")),n=new URL(t.value),c.test(n.protocol))&&n.host===r.host&&l.activeElement===s&&(d.top.location.href=t.value))}},d.addEventListener("message",d.wp.receiveEmbedMessage,!1),l.addEventListener("DOMContentLoaded",function(){for(var e,t,s=l.querySelectorAll("iframe.wp-embedded-content"),r=0;r<s.length;r++)(t=(e=s[r]).getAttribute("data-secret"))||(t=Math.random().toString(36).substring(2,12),e.src+="#?secret="+t,e.setAttribute("data-secret",t)),e.contentWindow.postMessage({message:"ready",secret:t},"*")},!1)))}(window,document);
//# sourceURL=https://narteks.net/wp-includes/js/wp-embed.min.js
/* ]]> */
</script>

13 Nisan 1942’de İstanbul Çatalca’da doğdu. İlköğrenimini Kars ve Çankırı&#8217;da yaptı. 1966&#8217;de Ankara Üniversitesi Dil ve Tarih Coğrafya Fakültesi Rus Dili ve Edebiyatı bölümünü bitirdi. 1962&#8217;de Türkiye İşçi Partisi&#8217;ne girerek ilk örgütlenme çalışmalarına katıldı. &#8220;Fikir Kulüpleri Federasyonu&#8221;nun (FKF) kurucuları arasında yer aldı. &#8220;Dönüşüm&#8221; dergisininin kuruluş çalışmalarına katıldı, sahipliğini üstlendi.1970&#8217;te İsmet Özel’le birlikte &#8220;Halkın Dostları&#8221; dergisini [&hellip;]
