{"version":"1.0","provider_name":"narteks.net","provider_url":"https:\/\/narteks.net","author_name":"Tar\u0131k","author_url":"https:\/\/narteks.net\/index.php\/author\/narbak\/","title":"Ere\u011fli'den \u00c7\u0131kt\u0131m S\u00f6k\u00fcn Eyledim","type":"rich","width":600,"height":338,"html":"<blockquote class=\"wp-embedded-content\" data-secret=\"A8NvR8AiNH\"><a href=\"https:\/\/narteks.net\/index.php\/2009\/03\/13\/eregli-den-ciktim-sokun-eyledim\/\">Ere\u011fli&#8217;den \u00c7\u0131kt\u0131m S\u00f6k\u00fcn Eyledim<\/a><\/blockquote><iframe sandbox=\"allow-scripts\" security=\"restricted\" src=\"https:\/\/narteks.net\/index.php\/2009\/03\/13\/eregli-den-ciktim-sokun-eyledim\/embed\/#?secret=A8NvR8AiNH\" width=\"600\" height=\"338\" title=\"&#8220;Ere\u011fli&#8217;den \u00c7\u0131kt\u0131m S\u00f6k\u00fcn Eyledim&#8221; &#8212; narteks.net\" data-secret=\"A8NvR8AiNH\" frameborder=\"0\" marginwidth=\"0\" marginheight=\"0\" scrolling=\"no\" class=\"wp-embedded-content\"><\/iframe><script type=\"text\/javascript\">\n\/* <![CDATA[ *\/\n\/*! This file is auto-generated *\/\n!function(d,l){\"use strict\";l.querySelector&&d.addEventListener&&\"undefined\"!=typeof URL&&(d.wp=d.wp||{},d.wp.receiveEmbedMessage||(d.wp.receiveEmbedMessage=function(e){var t=e.data;if((t||t.secret||t.message||t.value)&&!\/[^a-zA-Z0-9]\/.test(t.secret)){for(var s,r,n,a=l.querySelectorAll('iframe[data-secret=\"'+t.secret+'\"]'),o=l.querySelectorAll('blockquote[data-secret=\"'+t.secret+'\"]'),c=new RegExp(\"^https?:$\",\"i\"),i=0;i<o.length;i++)o[i].style.display=\"none\";for(i=0;i<a.length;i++)s=a[i],e.source===s.contentWindow&&(s.removeAttribute(\"style\"),\"height\"===t.message?(1e3<(r=parseInt(t.value,10))?r=1e3:~~r<200&&(r=200),s.height=r):\"link\"===t.message&&(r=new URL(s.getAttribute(\"src\")),n=new URL(t.value),c.test(n.protocol))&&n.host===r.host&&l.activeElement===s&&(d.top.location.href=t.value))}},d.addEventListener(\"message\",d.wp.receiveEmbedMessage,!1),l.addEventListener(\"DOMContentLoaded\",function(){for(var e,t,s=l.querySelectorAll(\"iframe.wp-embedded-content\"),r=0;r<s.length;r++)(t=(e=s[r]).getAttribute(\"data-secret\"))||(t=Math.random().toString(36).substring(2,12),e.src+=\"#?secret=\"+t,e.setAttribute(\"data-secret\",t)),e.contentWindow.postMessage({message:\"ready\",secret:t},\"*\")},!1)))}(window,document);\n\/\/# sourceURL=https:\/\/narteks.net\/wp-includes\/js\/wp-embed.min.js\n\/* ]]> *\/\n<\/script>\n","description":"Ere\u011fli&#8217;den \u00c7\u0131kt\u0131m S\u00f6k\u00fcn Eyledim Ali Ercan, Kara Ka\u015f G\u00f6zlerin Elmas ve Ni\u011fde T\u00fcrk\u00fcleri adl\u0131 kitab\u0131nda &#8220;Sabi Baba&#8221; isminde bir ki\u015fiden dinledi\u011fi bu t\u00fcrk\u00fcn\u00fcn hikayesini aynen \u015f\u00f6yle anlatmaktad\u0131r: &#8220;Orta k\u00f6yde Tahir efendi ad\u0131nda bir halk \u015fairi varm\u0131\u015f. Bu z\u00e2t saz\u0131n\u0131 kendi zevki i\u00e7in \u00e7alarm\u0131\u015f. Alt\u0131nda at\u0131, terkesinde saz\u0131, \u015fehir \u015fehir, kasaba kasaba dola\u015f\u0131rm\u0131\u015f. G\u00fcnlerden bir yaz [&hellip;]","thumbnail_url":"https:\/\/narteks.net\/wp-content\/uploads\/narteks.png","thumbnail_width":300,"thumbnail_height":90}

Tarık

Ereğli'den Çıktım Sökün Eyledim

<blockquote class="wp-embedded-content" data-secret="A8NvR8AiNH"><a href="https://narteks.net/index.php/2009/03/13/eregli-den-ciktim-sokun-eyledim/">Ereğli&#8217;den Çıktım Sökün Eyledim</a></blockquote><iframe sandbox="allow-scripts" security="restricted" src="https://narteks.net/index.php/2009/03/13/eregli-den-ciktim-sokun-eyledim/embed/#?secret=A8NvR8AiNH" width="600" height="338" title="&#8220;Ereğli&#8217;den Çıktım Sökün Eyledim&#8221; &#8212; narteks.net" data-secret="A8NvR8AiNH" frameborder="0" marginwidth="0" marginheight="0" scrolling="no" class="wp-embedded-content"></iframe><script type="text/javascript">
/* <![CDATA[ */
/*! This file is auto-generated */
!function(d,l){"use strict";l.querySelector&&d.addEventListener&&"undefined"!=typeof URL&&(d.wp=d.wp||{},d.wp.receiveEmbedMessage||(d.wp.receiveEmbedMessage=function(e){var t=e.data;if((t||t.secret||t.message||t.value)&&!/[^a-zA-Z0-9]/.test(t.secret)){for(var s,r,n,a=l.querySelectorAll('iframe[data-secret="'+t.secret+'"]'),o=l.querySelectorAll('blockquote[data-secret="'+t.secret+'"]'),c=new RegExp("^https?:$","i"),i=0;i<o.length;i++)o[i].style.display="none";for(i=0;i<a.length;i++)s=a[i],e.source===s.contentWindow&&(s.removeAttribute("style"),"height"===t.message?(1e3<(r=parseInt(t.value,10))?r=1e3:~~r<200&&(r=200),s.height=r):"link"===t.message&&(r=new URL(s.getAttribute("src")),n=new URL(t.value),c.test(n.protocol))&&n.host===r.host&&l.activeElement===s&&(d.top.location.href=t.value))}},d.addEventListener("message",d.wp.receiveEmbedMessage,!1),l.addEventListener("DOMContentLoaded",function(){for(var e,t,s=l.querySelectorAll("iframe.wp-embedded-content"),r=0;r<s.length;r++)(t=(e=s[r]).getAttribute("data-secret"))||(t=Math.random().toString(36).substring(2,12),e.src+="#?secret="+t,e.setAttribute("data-secret",t)),e.contentWindow.postMessage({message:"ready",secret:t},"*")},!1)))}(window,document);
//# sourceURL=https://narteks.net/wp-includes/js/wp-embed.min.js
/* ]]> */
</script>

Ereğli&#8217;den Çıktım Sökün Eyledim Ali Ercan, Kara Kaş Gözlerin Elmas ve Niğde Türküleri adlı kitabında &#8220;Sabi Baba&#8221; isminde bir kişiden dinlediği bu türkünün hikayesini aynen şöyle anlatmaktadır: &#8220;Orta köyde Tahir efendi adında bir halk şairi varmış. Bu zât sazını kendi zevki için çalarmış. Altında atı, terkesinde sazı, şehir şehir, kasaba kasaba dolaşırmış. Günlerden bir yaz [&hellip;]
