{"version":"1.0","provider_name":"narteks.net","provider_url":"https:\/\/narteks.net","author_name":"Tar\u0131k","author_url":"https:\/\/narteks.net\/index.php\/author\/narbak\/","title":"B\u00fct\u00fcn zamanlar\u0131n tan\u0131\u011f\u0131 olmak | Jacques Derrida","type":"rich","width":600,"height":338,"html":"<blockquote class=\"wp-embedded-content\" data-secret=\"F72eyAd3Uv\"><a href=\"https:\/\/narteks.net\/index.php\/2010\/01\/10\/butun-zamanlarin-tanigi-olmak-jacques-derrida\/\">B\u00fct\u00fcn zamanlar\u0131n tan\u0131\u011f\u0131 olmak | Jacques Derrida<\/a><\/blockquote><iframe sandbox=\"allow-scripts\" security=\"restricted\" src=\"https:\/\/narteks.net\/index.php\/2010\/01\/10\/butun-zamanlarin-tanigi-olmak-jacques-derrida\/embed\/#?secret=F72eyAd3Uv\" width=\"600\" height=\"338\" title=\"&#8220;B\u00fct\u00fcn zamanlar\u0131n tan\u0131\u011f\u0131 olmak | Jacques Derrida&#8221; &#8212; narteks.net\" data-secret=\"F72eyAd3Uv\" frameborder=\"0\" marginwidth=\"0\" marginheight=\"0\" scrolling=\"no\" class=\"wp-embedded-content\"><\/iframe><script type=\"text\/javascript\">\n\/* <![CDATA[ *\/\n\/*! This file is auto-generated *\/\n!function(d,l){\"use strict\";l.querySelector&&d.addEventListener&&\"undefined\"!=typeof URL&&(d.wp=d.wp||{},d.wp.receiveEmbedMessage||(d.wp.receiveEmbedMessage=function(e){var t=e.data;if((t||t.secret||t.message||t.value)&&!\/[^a-zA-Z0-9]\/.test(t.secret)){for(var s,r,n,a=l.querySelectorAll('iframe[data-secret=\"'+t.secret+'\"]'),o=l.querySelectorAll('blockquote[data-secret=\"'+t.secret+'\"]'),c=new RegExp(\"^https?:$\",\"i\"),i=0;i<o.length;i++)o[i].style.display=\"none\";for(i=0;i<a.length;i++)s=a[i],e.source===s.contentWindow&&(s.removeAttribute(\"style\"),\"height\"===t.message?(1e3<(r=parseInt(t.value,10))?r=1e3:~~r<200&&(r=200),s.height=r):\"link\"===t.message&&(r=new URL(s.getAttribute(\"src\")),n=new URL(t.value),c.test(n.protocol))&&n.host===r.host&&l.activeElement===s&&(d.top.location.href=t.value))}},d.addEventListener(\"message\",d.wp.receiveEmbedMessage,!1),l.addEventListener(\"DOMContentLoaded\",function(){for(var e,t,s=l.querySelectorAll(\"iframe.wp-embedded-content\"),r=0;r<s.length;r++)(t=(e=s[r]).getAttribute(\"data-secret\"))||(t=Math.random().toString(36).substring(2,12),e.src+=\"#?secret=\"+t,e.setAttribute(\"data-secret\",t)),e.contentWindow.postMessage({message:\"ready\",secret:t},\"*\")},!1)))}(window,document);\n\/\/# sourceURL=https:\/\/narteks.net\/wp-includes\/js\/wp-embed.min.js\n\/* ]]> *\/\n<\/script>\n","description":"Bu metin Jacques Derrida&#8217;n\u0131n, 24 \u015eubat 2003 y\u0131l\u0131 Pazartesi g\u00fcn\u00fc Maurice Blanchot&#8217;nun k\u00fcl edilme t\u00f6reni s\u0131ras\u0131nda vermi\u015f oldu\u011fu s\u00f6ylevin tamam\u0131n\u0131 i\u00e7ermektedir. Burada, \u015fu anda bu ismi, Maurice Blanchot&#8217;nun ad\u0131n\u0131 anarken nas\u0131l titrenilmez? Bize d\u00fc\u015fen, onun ad\u0131 ard\u0131ndan \u00e7\u0131nlamaya devam eden, ve asla susmayacak olan ne varsa i\u015fitmek i\u00e7in kulak vermek, durmaks\u0131z\u0131n d\u00fc\u015f\u00fcnmektir; ad\u0131n\u0131z, diyorum, \u00e7\u00fcnk\u00fc [&hellip;]","thumbnail_url":"http:\/\/www.religion.ucsb.edu\/projects\/irreconcilabledifferences\/Derrida.jpg"}

Tarık

Bütün zamanların tanığı olmak | Jacques Derrida

<blockquote class="wp-embedded-content" data-secret="F72eyAd3Uv"><a href="https://narteks.net/index.php/2010/01/10/butun-zamanlarin-tanigi-olmak-jacques-derrida/">Bütün zamanların tanığı olmak | Jacques Derrida</a></blockquote><iframe sandbox="allow-scripts" security="restricted" src="https://narteks.net/index.php/2010/01/10/butun-zamanlarin-tanigi-olmak-jacques-derrida/embed/#?secret=F72eyAd3Uv" width="600" height="338" title="&#8220;Bütün zamanların tanığı olmak | Jacques Derrida&#8221; &#8212; narteks.net" data-secret="F72eyAd3Uv" frameborder="0" marginwidth="0" marginheight="0" scrolling="no" class="wp-embedded-content"></iframe><script type="text/javascript">
/* <![CDATA[ */
/*! This file is auto-generated */
!function(d,l){"use strict";l.querySelector&&d.addEventListener&&"undefined"!=typeof URL&&(d.wp=d.wp||{},d.wp.receiveEmbedMessage||(d.wp.receiveEmbedMessage=function(e){var t=e.data;if((t||t.secret||t.message||t.value)&&!/[^a-zA-Z0-9]/.test(t.secret)){for(var s,r,n,a=l.querySelectorAll('iframe[data-secret="'+t.secret+'"]'),o=l.querySelectorAll('blockquote[data-secret="'+t.secret+'"]'),c=new RegExp("^https?:$","i"),i=0;i<o.length;i++)o[i].style.display="none";for(i=0;i<a.length;i++)s=a[i],e.source===s.contentWindow&&(s.removeAttribute("style"),"height"===t.message?(1e3<(r=parseInt(t.value,10))?r=1e3:~~r<200&&(r=200),s.height=r):"link"===t.message&&(r=new URL(s.getAttribute("src")),n=new URL(t.value),c.test(n.protocol))&&n.host===r.host&&l.activeElement===s&&(d.top.location.href=t.value))}},d.addEventListener("message",d.wp.receiveEmbedMessage,!1),l.addEventListener("DOMContentLoaded",function(){for(var e,t,s=l.querySelectorAll("iframe.wp-embedded-content"),r=0;r<s.length;r++)(t=(e=s[r]).getAttribute("data-secret"))||(t=Math.random().toString(36).substring(2,12),e.src+="#?secret="+t,e.setAttribute("data-secret",t)),e.contentWindow.postMessage({message:"ready",secret:t},"*")},!1)))}(window,document);
//# sourceURL=https://narteks.net/wp-includes/js/wp-embed.min.js
/* ]]> */
</script>

Bu metin Jacques Derrida&#8217;nın, 24 Şubat 2003 yılı Pazartesi günü Maurice Blanchot&#8217;nun kül edilme töreni sırasında vermiş olduğu söylevin tamamını içermektedir. Burada, şu anda bu ismi, Maurice Blanchot&#8217;nun adını anarken nasıl titrenilmez? Bize düşen, onun adı ardından çınlamaya devam eden, ve asla susmayacak olan ne varsa işitmek için kulak vermek, durmaksızın düşünmektir; adınız, diyorum, çünkü [&hellip;]
