{"version":"1.0","provider_name":"narteks.net","provider_url":"https:\/\/narteks.net","author_name":"Tar\u0131k","author_url":"https:\/\/narteks.net\/index.php\/author\/narbak\/","title":"Ger\u00e7ek 'Ben'im | G\u00fcnl\u00fckler - Jean Paul Sartre","type":"rich","width":600,"height":338,"html":"<blockquote class=\"wp-embedded-content\" data-secret=\"IUQYqe60Uf\"><a href=\"https:\/\/narteks.net\/index.php\/2010\/02\/03\/gercek-benim-gunlukler-jean-paul-sartre\/\">Ger\u00e7ek &#8216;Ben&#8217;im | G\u00fcnl\u00fckler &#8211; Jean Paul Sartre<\/a><\/blockquote><iframe sandbox=\"allow-scripts\" security=\"restricted\" src=\"https:\/\/narteks.net\/index.php\/2010\/02\/03\/gercek-benim-gunlukler-jean-paul-sartre\/embed\/#?secret=IUQYqe60Uf\" width=\"600\" height=\"338\" title=\"&#8220;Ger\u00e7ek &#8216;Ben&#8217;im | G\u00fcnl\u00fckler &#8211; Jean Paul Sartre&#8221; &#8212; narteks.net\" data-secret=\"IUQYqe60Uf\" frameborder=\"0\" marginwidth=\"0\" marginheight=\"0\" scrolling=\"no\" class=\"wp-embedded-content\"><\/iframe><script type=\"text\/javascript\">\n\/* <![CDATA[ *\/\n\/*! This file is auto-generated *\/\n!function(d,l){\"use strict\";l.querySelector&&d.addEventListener&&\"undefined\"!=typeof URL&&(d.wp=d.wp||{},d.wp.receiveEmbedMessage||(d.wp.receiveEmbedMessage=function(e){var t=e.data;if((t||t.secret||t.message||t.value)&&!\/[^a-zA-Z0-9]\/.test(t.secret)){for(var s,r,n,a=l.querySelectorAll('iframe[data-secret=\"'+t.secret+'\"]'),o=l.querySelectorAll('blockquote[data-secret=\"'+t.secret+'\"]'),c=new RegExp(\"^https?:$\",\"i\"),i=0;i<o.length;i++)o[i].style.display=\"none\";for(i=0;i<a.length;i++)s=a[i],e.source===s.contentWindow&&(s.removeAttribute(\"style\"),\"height\"===t.message?(1e3<(r=parseInt(t.value,10))?r=1e3:~~r<200&&(r=200),s.height=r):\"link\"===t.message&&(r=new URL(s.getAttribute(\"src\")),n=new URL(t.value),c.test(n.protocol))&&n.host===r.host&&l.activeElement===s&&(d.top.location.href=t.value))}},d.addEventListener(\"message\",d.wp.receiveEmbedMessage,!1),l.addEventListener(\"DOMContentLoaded\",function(){for(var e,t,s=l.querySelectorAll(\"iframe.wp-embedded-content\"),r=0;r<s.length;r++)(t=(e=s[r]).getAttribute(\"data-secret\"))||(t=Math.random().toString(36).substring(2,12),e.src+=\"#?secret=\"+t,e.setAttribute(\"data-secret\",t)),e.contentWindow.postMessage({message:\"ready\",secret:t},\"*\")},!1)))}(window,document);\n\/\/# sourceURL=https:\/\/narteks.net\/wp-includes\/js\/wp-embed.min.js\n\/* ]]> *\/\n<\/script>\n","description":"Sartre&#8217;\u0131n &#8220;tuhaf sava\u015f&#8221; s\u0131ras\u0131nda tuttu\u011fu 15 g\u00fcnl\u00fckten be\u015fi biliniyordu. Sava\u015f\u0131n ba\u015flar\u0131nda yazd\u0131\u011f\u0131 ilk g\u00fcnl\u00fck ise ge\u00e7ti\u011fimiz g\u00fcnlerde bir kitap merakl\u0131s\u0131n\u0131n ar\u015fivlerini Fransa Ulusal K\u00fct\u00fcphanesi&#8217;ne satmas\u0131yla bulundu ve on g\u00fcn \u00f6nce Fransa&#8217;da yay\u0131nland\u0131. Bu ilk g\u00fcnl\u00fckte Sartre &#8220;kibirle&#8221; kendine g\u00fcl\u00fcyor. Sene 1939. \u0130kinci D\u00fcnya sava\u015f\u0131 ba\u015flam\u0131\u015f. Sartre 34 ya\u015f\u0131nda, asker. Kendisiyle 1975 y\u0131l\u0131nda yap\u0131lan bir s\u00f6yle\u015fide [&hellip;]","thumbnail_url":"https:\/\/narteks.net\/wp-content\/uploads\/narteks.png","thumbnail_width":300,"thumbnail_height":90}

Tarık

Gerçek 'Ben'im | Günlükler - Jean Paul Sartre

<blockquote class="wp-embedded-content" data-secret="IUQYqe60Uf"><a href="https://narteks.net/index.php/2010/02/03/gercek-benim-gunlukler-jean-paul-sartre/">Gerçek &#8216;Ben&#8217;im | Günlükler &#8211; Jean Paul Sartre</a></blockquote><iframe sandbox="allow-scripts" security="restricted" src="https://narteks.net/index.php/2010/02/03/gercek-benim-gunlukler-jean-paul-sartre/embed/#?secret=IUQYqe60Uf" width="600" height="338" title="&#8220;Gerçek &#8216;Ben&#8217;im | Günlükler &#8211; Jean Paul Sartre&#8221; &#8212; narteks.net" data-secret="IUQYqe60Uf" frameborder="0" marginwidth="0" marginheight="0" scrolling="no" class="wp-embedded-content"></iframe><script type="text/javascript">
/* <![CDATA[ */
/*! This file is auto-generated */
!function(d,l){"use strict";l.querySelector&&d.addEventListener&&"undefined"!=typeof URL&&(d.wp=d.wp||{},d.wp.receiveEmbedMessage||(d.wp.receiveEmbedMessage=function(e){var t=e.data;if((t||t.secret||t.message||t.value)&&!/[^a-zA-Z0-9]/.test(t.secret)){for(var s,r,n,a=l.querySelectorAll('iframe[data-secret="'+t.secret+'"]'),o=l.querySelectorAll('blockquote[data-secret="'+t.secret+'"]'),c=new RegExp("^https?:$","i"),i=0;i<o.length;i++)o[i].style.display="none";for(i=0;i<a.length;i++)s=a[i],e.source===s.contentWindow&&(s.removeAttribute("style"),"height"===t.message?(1e3<(r=parseInt(t.value,10))?r=1e3:~~r<200&&(r=200),s.height=r):"link"===t.message&&(r=new URL(s.getAttribute("src")),n=new URL(t.value),c.test(n.protocol))&&n.host===r.host&&l.activeElement===s&&(d.top.location.href=t.value))}},d.addEventListener("message",d.wp.receiveEmbedMessage,!1),l.addEventListener("DOMContentLoaded",function(){for(var e,t,s=l.querySelectorAll("iframe.wp-embedded-content"),r=0;r<s.length;r++)(t=(e=s[r]).getAttribute("data-secret"))||(t=Math.random().toString(36).substring(2,12),e.src+="#?secret="+t,e.setAttribute("data-secret",t)),e.contentWindow.postMessage({message:"ready",secret:t},"*")},!1)))}(window,document);
//# sourceURL=https://narteks.net/wp-includes/js/wp-embed.min.js
/* ]]> */
</script>

Sartre&#8217;ın &#8220;tuhaf savaş&#8221; sırasında tuttuğu 15 günlükten beşi biliniyordu. Savaşın başlarında yazdığı ilk günlük ise geçtiğimiz günlerde bir kitap meraklısının arşivlerini Fransa Ulusal Kütüphanesi&#8217;ne satmasıyla bulundu ve on gün önce Fransa&#8217;da yayınlandı. Bu ilk günlükte Sartre &#8220;kibirle&#8221; kendine gülüyor. Sene 1939. İkinci Dünya savaşı başlamış. Sartre 34 yaşında, asker. Kendisiyle 1975 yılında yapılan bir söyleşide [&hellip;]
