{"version":"1.0","provider_name":"narteks.net","provider_url":"https:\/\/narteks.net","author_name":"Tar\u0131k","author_url":"https:\/\/narteks.net\/index.php\/author\/narbak\/","title":"Hegel'in \u0130nsan\u0131 | S\u00fcleyman Hayri Bolay","type":"rich","width":600,"height":338,"html":"<blockquote class=\"wp-embedded-content\" data-secret=\"bAYQSuIhEJ\"><a href=\"https:\/\/narteks.net\/index.php\/2010\/02\/10\/hegelin-insani-suleyman-hayri-bolay\/\">Hegel&#8217;in \u0130nsan\u0131 | S\u00fcleyman Hayri Bolay<\/a><\/blockquote><iframe sandbox=\"allow-scripts\" security=\"restricted\" src=\"https:\/\/narteks.net\/index.php\/2010\/02\/10\/hegelin-insani-suleyman-hayri-bolay\/embed\/#?secret=bAYQSuIhEJ\" width=\"600\" height=\"338\" title=\"&#8220;Hegel&#8217;in \u0130nsan\u0131 | S\u00fcleyman Hayri Bolay&#8221; &#8212; narteks.net\" data-secret=\"bAYQSuIhEJ\" frameborder=\"0\" marginwidth=\"0\" marginheight=\"0\" scrolling=\"no\" class=\"wp-embedded-content\"><\/iframe><script type=\"text\/javascript\">\n\/* <![CDATA[ *\/\n\/*! This file is auto-generated *\/\n!function(d,l){\"use strict\";l.querySelector&&d.addEventListener&&\"undefined\"!=typeof URL&&(d.wp=d.wp||{},d.wp.receiveEmbedMessage||(d.wp.receiveEmbedMessage=function(e){var t=e.data;if((t||t.secret||t.message||t.value)&&!\/[^a-zA-Z0-9]\/.test(t.secret)){for(var s,r,n,a=l.querySelectorAll('iframe[data-secret=\"'+t.secret+'\"]'),o=l.querySelectorAll('blockquote[data-secret=\"'+t.secret+'\"]'),c=new RegExp(\"^https?:$\",\"i\"),i=0;i<o.length;i++)o[i].style.display=\"none\";for(i=0;i<a.length;i++)s=a[i],e.source===s.contentWindow&&(s.removeAttribute(\"style\"),\"height\"===t.message?(1e3<(r=parseInt(t.value,10))?r=1e3:~~r<200&&(r=200),s.height=r):\"link\"===t.message&&(r=new URL(s.getAttribute(\"src\")),n=new URL(t.value),c.test(n.protocol))&&n.host===r.host&&l.activeElement===s&&(d.top.location.href=t.value))}},d.addEventListener(\"message\",d.wp.receiveEmbedMessage,!1),l.addEventListener(\"DOMContentLoaded\",function(){for(var e,t,s=l.querySelectorAll(\"iframe.wp-embedded-content\"),r=0;r<s.length;r++)(t=(e=s[r]).getAttribute(\"data-secret\"))||(t=Math.random().toString(36).substring(2,12),e.src+=\"#?secret=\"+t,e.setAttribute(\"data-secret\",t)),e.contentWindow.postMessage({message:\"ready\",secret:t},\"*\")},!1)))}(window,document);\n\/\/# sourceURL=https:\/\/narteks.net\/wp-includes\/js\/wp-embed.min.js\n\/* ]]> *\/\n<\/script>\n","description":"Hegel&#8217;in insana bak\u0131\u015f\u0131n\u0131 anlayabilmek i\u00e7in sisteminin b\u00fct\u00fcn\u00fcn\u00fc bir tablo g\u00f6r\u00fcn\u00fc\u015f\u00fc i\u00e7inde genel \u00e7izgileriyle kavramak laz\u0131md\u0131r. Ama ondan \u00f6nce Hegel&#8217;in yeti\u015fti\u011fi d\u00f6nemin fikri, felsefi, siyasi ve toplumsal ortam\u0131 nas\u0131ld\u0131? sorusuna bir cevap arayal\u0131m. Hegel&#8217;in yeti\u015fti\u011fi d\u00f6nem Avrupa&#8217;n\u0131n \u00e7ok \u00e7alkant\u0131l\u0131 bir d\u00f6nemidir, Hegel 1770 do\u011fumludur. 1776 da Amerikan devleti kurulmu\u015ftur. Avrupa&#8217;da modern d\u00fc\u015f\u00fcnce ortaya \u00e7\u0131kal\u0131 150 seneden [&hellip;]","thumbnail_url":"http:\/\/grundlegung.files.wordpress.com\/2008\/01\/hegel.jpg"}

Tarık

Hegel'in İnsanı | Süleyman Hayri Bolay

<blockquote class="wp-embedded-content" data-secret="bAYQSuIhEJ"><a href="https://narteks.net/index.php/2010/02/10/hegelin-insani-suleyman-hayri-bolay/">Hegel&#8217;in İnsanı | Süleyman Hayri Bolay</a></blockquote><iframe sandbox="allow-scripts" security="restricted" src="https://narteks.net/index.php/2010/02/10/hegelin-insani-suleyman-hayri-bolay/embed/#?secret=bAYQSuIhEJ" width="600" height="338" title="&#8220;Hegel&#8217;in İnsanı | Süleyman Hayri Bolay&#8221; &#8212; narteks.net" data-secret="bAYQSuIhEJ" frameborder="0" marginwidth="0" marginheight="0" scrolling="no" class="wp-embedded-content"></iframe><script type="text/javascript">
/* <![CDATA[ */
/*! This file is auto-generated */
!function(d,l){"use strict";l.querySelector&&d.addEventListener&&"undefined"!=typeof URL&&(d.wp=d.wp||{},d.wp.receiveEmbedMessage||(d.wp.receiveEmbedMessage=function(e){var t=e.data;if((t||t.secret||t.message||t.value)&&!/[^a-zA-Z0-9]/.test(t.secret)){for(var s,r,n,a=l.querySelectorAll('iframe[data-secret="'+t.secret+'"]'),o=l.querySelectorAll('blockquote[data-secret="'+t.secret+'"]'),c=new RegExp("^https?:$","i"),i=0;i<o.length;i++)o[i].style.display="none";for(i=0;i<a.length;i++)s=a[i],e.source===s.contentWindow&&(s.removeAttribute("style"),"height"===t.message?(1e3<(r=parseInt(t.value,10))?r=1e3:~~r<200&&(r=200),s.height=r):"link"===t.message&&(r=new URL(s.getAttribute("src")),n=new URL(t.value),c.test(n.protocol))&&n.host===r.host&&l.activeElement===s&&(d.top.location.href=t.value))}},d.addEventListener("message",d.wp.receiveEmbedMessage,!1),l.addEventListener("DOMContentLoaded",function(){for(var e,t,s=l.querySelectorAll("iframe.wp-embedded-content"),r=0;r<s.length;r++)(t=(e=s[r]).getAttribute("data-secret"))||(t=Math.random().toString(36).substring(2,12),e.src+="#?secret="+t,e.setAttribute("data-secret",t)),e.contentWindow.postMessage({message:"ready",secret:t},"*")},!1)))}(window,document);
//# sourceURL=https://narteks.net/wp-includes/js/wp-embed.min.js
/* ]]> */
</script>

Hegel&#8217;in insana bakışını anlayabilmek için sisteminin bütününü bir tablo görünüşü içinde genel çizgileriyle kavramak lazımdır. Ama ondan önce Hegel&#8217;in yetiştiği dönemin fikri, felsefi, siyasi ve toplumsal ortamı nasıldı? sorusuna bir cevap arayalım. Hegel&#8217;in yetiştiği dönem Avrupa&#8217;nın çok çalkantılı bir dönemidir, Hegel 1770 doğumludur. 1776 da Amerikan devleti kurulmuştur. Avrupa&#8217;da modern düşünce ortaya çıkalı 150 seneden [&hellip;]
