{"version":"1.0","provider_name":"narteks.net","provider_url":"https:\/\/narteks.net","author_name":"Tar\u0131k","author_url":"https:\/\/narteks.net\/index.php\/author\/narbak\/","title":"'Dersim'den birileri geldi insan yiyorlarm\u0131\u015f'","type":"rich","width":600,"height":338,"html":"<blockquote class=\"wp-embedded-content\" data-secret=\"orrN2rzk7U\"><a href=\"https:\/\/narteks.net\/index.php\/2010\/02\/22\/dersimden-birileri-geldi-insan-yiyorlarmis\/\">&#8216;Dersim&#8217;den birileri geldi insan yiyorlarm\u0131\u015f&#8217;<\/a><\/blockquote><iframe sandbox=\"allow-scripts\" security=\"restricted\" src=\"https:\/\/narteks.net\/index.php\/2010\/02\/22\/dersimden-birileri-geldi-insan-yiyorlarmis\/embed\/#?secret=orrN2rzk7U\" width=\"600\" height=\"338\" title=\"&#8220;&#8216;Dersim&#8217;den birileri geldi insan yiyorlarm\u0131\u015f&#8217;&#8221; &#8212; narteks.net\" data-secret=\"orrN2rzk7U\" frameborder=\"0\" marginwidth=\"0\" marginheight=\"0\" scrolling=\"no\" class=\"wp-embedded-content\"><\/iframe><script type=\"text\/javascript\">\n\/* <![CDATA[ *\/\n\/*! This file is auto-generated *\/\n!function(d,l){\"use strict\";l.querySelector&&d.addEventListener&&\"undefined\"!=typeof URL&&(d.wp=d.wp||{},d.wp.receiveEmbedMessage||(d.wp.receiveEmbedMessage=function(e){var t=e.data;if((t||t.secret||t.message||t.value)&&!\/[^a-zA-Z0-9]\/.test(t.secret)){for(var s,r,n,a=l.querySelectorAll('iframe[data-secret=\"'+t.secret+'\"]'),o=l.querySelectorAll('blockquote[data-secret=\"'+t.secret+'\"]'),c=new RegExp(\"^https?:$\",\"i\"),i=0;i<o.length;i++)o[i].style.display=\"none\";for(i=0;i<a.length;i++)s=a[i],e.source===s.contentWindow&&(s.removeAttribute(\"style\"),\"height\"===t.message?(1e3<(r=parseInt(t.value,10))?r=1e3:~~r<200&&(r=200),s.height=r):\"link\"===t.message&&(r=new URL(s.getAttribute(\"src\")),n=new URL(t.value),c.test(n.protocol))&&n.host===r.host&&l.activeElement===s&&(d.top.location.href=t.value))}},d.addEventListener(\"message\",d.wp.receiveEmbedMessage,!1),l.addEventListener(\"DOMContentLoaded\",function(){for(var e,t,s=l.querySelectorAll(\"iframe.wp-embedded-content\"),r=0;r<s.length;r++)(t=(e=s[r]).getAttribute(\"data-secret\"))||(t=Math.random().toString(36).substring(2,12),e.src+=\"#?secret=\"+t,e.setAttribute(\"data-secret\",t)),e.contentWindow.postMessage({message:\"ready\",secret:t},\"*\")},!1)))}(window,document);\n\/\/# sourceURL=https:\/\/narteks.net\/wp-includes\/js\/wp-embed.min.js\n\/* ]]> *\/\n<\/script>\n","description":"Dersim katliam\u0131n\u0131n canl\u0131 tan\u0131\u011f\u0131 78 ya\u015f\u0131ndaki Ali \u015eirin, &#8216;Asker \u00fczerimize yayl\u0131m ate\u015fi a\u00e7\u0131nca da\u011fa ka\u00e7t\u0131k. K\u0131\u015f\u0131 da\u011fdaki ma\u011faralarda ge\u00e7irdik. Nenemi g\u00f6zlerimin \u00f6n\u00fcnde s\u00fcng\u00fclediler&#8217; diyerek, ya\u015fanan s\u00fcrece ayna tuttu. Devlet kay\u0131tlar\u0131na g\u00f6re 16 bin; halk anlat\u0131mlar\u0131na ve tan\u0131klara g\u00f6re 90 bin ki\u015finin \u00f6ld\u00fcr\u00fcld\u00fc\u011f\u00fc 1938 Dersim katliam\u0131 T\u00fcrkiye tarihinde kara bir leke olarak duruyor. Binlerce insan\u0131n \u00f6l\u00fcm\u00fcne, [&hellip;]","thumbnail_url":"https:\/\/encrypted-tbn0.gstatic.com\/images?q=tbn:ANd9GcSj70KyXR-wGeLeKO0Svy4i8HfVJ30Ffcdb-zABVSm16ljikFY8"}

Tarık

'Dersim'den birileri geldi insan yiyorlarmış'

<blockquote class="wp-embedded-content" data-secret="orrN2rzk7U"><a href="https://narteks.net/index.php/2010/02/22/dersimden-birileri-geldi-insan-yiyorlarmis/">&#8216;Dersim&#8217;den birileri geldi insan yiyorlarmış&#8217;</a></blockquote><iframe sandbox="allow-scripts" security="restricted" src="https://narteks.net/index.php/2010/02/22/dersimden-birileri-geldi-insan-yiyorlarmis/embed/#?secret=orrN2rzk7U" width="600" height="338" title="&#8220;&#8216;Dersim&#8217;den birileri geldi insan yiyorlarmış&#8217;&#8221; &#8212; narteks.net" data-secret="orrN2rzk7U" frameborder="0" marginwidth="0" marginheight="0" scrolling="no" class="wp-embedded-content"></iframe><script type="text/javascript">
/* <![CDATA[ */
/*! This file is auto-generated */
!function(d,l){"use strict";l.querySelector&&d.addEventListener&&"undefined"!=typeof URL&&(d.wp=d.wp||{},d.wp.receiveEmbedMessage||(d.wp.receiveEmbedMessage=function(e){var t=e.data;if((t||t.secret||t.message||t.value)&&!/[^a-zA-Z0-9]/.test(t.secret)){for(var s,r,n,a=l.querySelectorAll('iframe[data-secret="'+t.secret+'"]'),o=l.querySelectorAll('blockquote[data-secret="'+t.secret+'"]'),c=new RegExp("^https?:$","i"),i=0;i<o.length;i++)o[i].style.display="none";for(i=0;i<a.length;i++)s=a[i],e.source===s.contentWindow&&(s.removeAttribute("style"),"height"===t.message?(1e3<(r=parseInt(t.value,10))?r=1e3:~~r<200&&(r=200),s.height=r):"link"===t.message&&(r=new URL(s.getAttribute("src")),n=new URL(t.value),c.test(n.protocol))&&n.host===r.host&&l.activeElement===s&&(d.top.location.href=t.value))}},d.addEventListener("message",d.wp.receiveEmbedMessage,!1),l.addEventListener("DOMContentLoaded",function(){for(var e,t,s=l.querySelectorAll("iframe.wp-embedded-content"),r=0;r<s.length;r++)(t=(e=s[r]).getAttribute("data-secret"))||(t=Math.random().toString(36).substring(2,12),e.src+="#?secret="+t,e.setAttribute("data-secret",t)),e.contentWindow.postMessage({message:"ready",secret:t},"*")},!1)))}(window,document);
//# sourceURL=https://narteks.net/wp-includes/js/wp-embed.min.js
/* ]]> */
</script>

Dersim katliamının canlı tanığı 78 yaşındaki Ali Şirin, &#8216;Asker üzerimize yaylım ateşi açınca dağa kaçtık. Kışı dağdaki mağaralarda geçirdik. Nenemi gözlerimin önünde süngülediler&#8217; diyerek, yaşanan sürece ayna tuttu. Devlet kayıtlarına göre 16 bin; halk anlatımlarına ve tanıklara göre 90 bin kişinin öldürüldüğü 1938 Dersim katliamı Türkiye tarihinde kara bir leke olarak duruyor. Binlerce insanın ölümüne, [&hellip;]
