{"version":"1.0","provider_name":"narteks.net","provider_url":"https:\/\/narteks.net","author_name":"Tar\u0131k","author_url":"https:\/\/narteks.net\/index.php\/author\/narbak\/","title":"Ya\u015famak a\u011fr\u0131s\u0131 as\u0131ld\u0131 boynuma | Ahmet Kaya ve \u015fark\u0131lar\u0131","type":"rich","width":600,"height":338,"html":"<blockquote class=\"wp-embedded-content\" data-secret=\"mnvn2Wppe5\"><a href=\"https:\/\/narteks.net\/index.php\/2010\/02\/22\/yasamak-agrisi-asildi-boynuma-ahmet-kaya-ve-sarkilari\/\">Ya\u015famak a\u011fr\u0131s\u0131 as\u0131ld\u0131 boynuma | Ahmet Kaya ve \u015fark\u0131lar\u0131<\/a><\/blockquote><iframe sandbox=\"allow-scripts\" security=\"restricted\" src=\"https:\/\/narteks.net\/index.php\/2010\/02\/22\/yasamak-agrisi-asildi-boynuma-ahmet-kaya-ve-sarkilari\/embed\/#?secret=mnvn2Wppe5\" width=\"600\" height=\"338\" title=\"&#8220;Ya\u015famak a\u011fr\u0131s\u0131 as\u0131ld\u0131 boynuma | Ahmet Kaya ve \u015fark\u0131lar\u0131&#8221; &#8212; narteks.net\" data-secret=\"mnvn2Wppe5\" frameborder=\"0\" marginwidth=\"0\" marginheight=\"0\" scrolling=\"no\" class=\"wp-embedded-content\"><\/iframe><script type=\"text\/javascript\">\n\/* <![CDATA[ *\/\n\/*! This file is auto-generated *\/\n!function(d,l){\"use strict\";l.querySelector&&d.addEventListener&&\"undefined\"!=typeof URL&&(d.wp=d.wp||{},d.wp.receiveEmbedMessage||(d.wp.receiveEmbedMessage=function(e){var t=e.data;if((t||t.secret||t.message||t.value)&&!\/[^a-zA-Z0-9]\/.test(t.secret)){for(var s,r,n,a=l.querySelectorAll('iframe[data-secret=\"'+t.secret+'\"]'),o=l.querySelectorAll('blockquote[data-secret=\"'+t.secret+'\"]'),c=new RegExp(\"^https?:$\",\"i\"),i=0;i<o.length;i++)o[i].style.display=\"none\";for(i=0;i<a.length;i++)s=a[i],e.source===s.contentWindow&&(s.removeAttribute(\"style\"),\"height\"===t.message?(1e3<(r=parseInt(t.value,10))?r=1e3:~~r<200&&(r=200),s.height=r):\"link\"===t.message&&(r=new URL(s.getAttribute(\"src\")),n=new URL(t.value),c.test(n.protocol))&&n.host===r.host&&l.activeElement===s&&(d.top.location.href=t.value))}},d.addEventListener(\"message\",d.wp.receiveEmbedMessage,!1),l.addEventListener(\"DOMContentLoaded\",function(){for(var e,t,s=l.querySelectorAll(\"iframe.wp-embedded-content\"),r=0;r<s.length;r++)(t=(e=s[r]).getAttribute(\"data-secret\"))||(t=Math.random().toString(36).substring(2,12),e.src+=\"#?secret=\"+t,e.setAttribute(\"data-secret\",t)),e.contentWindow.postMessage({message:\"ready\",secret:t},\"*\")},!1)))}(window,document);\n\/\/# sourceURL=https:\/\/narteks.net\/wp-includes\/js\/wp-embed.min.js\n\/* ]]> *\/\n<\/script>\n","description":"1957 y\u0131l\u0131nda Ad\u0131yaman&#8217;dan Malatya&#8217;ya g\u00f6\u00e7 etmi\u015f K\u00fcrt bir baba ile Erzurumlu bir Zaza annenin be\u015finci \u00e7ocu\u011fu olarak do\u011fdu.Babas\u0131 S\u00fcmerbank mensucat fabrikas\u0131nda \u00e7al\u0131\u015fan bir i\u015f\u00e7iydi. \u0130lkokulu Malatya&#8217;da okudu ve kendi hayat\u0131n\u0131 anlatt\u0131\u011f\u0131 bir belgeselde m\u00fczikle alt\u0131 ya\u015f\u0131nda babas\u0131n\u0131n hediye etti\u011fi ba\u011flama ile tan\u0131\u015ft\u0131\u011f\u0131n\u0131 s\u00f6yler. Okuldan geri kalan zamanlar\u0131nda plak ve kaset satan bir d\u00fckk\u00e2nda \u00e7al\u0131\u015fmaya ba\u015flad\u0131. [&hellip;]","thumbnail_url":"http:\/\/upload.wikimedia.org\/wikipedia\/tr\/1\/15\/Pere_Lachaise_Ahmet_Kaya_T%C3%BCm.JPG"}

Tarık

Yaşamak ağrısı asıldı boynuma | Ahmet Kaya ve şarkıları

<blockquote class="wp-embedded-content" data-secret="mnvn2Wppe5"><a href="https://narteks.net/index.php/2010/02/22/yasamak-agrisi-asildi-boynuma-ahmet-kaya-ve-sarkilari/">Yaşamak ağrısı asıldı boynuma | Ahmet Kaya ve şarkıları</a></blockquote><iframe sandbox="allow-scripts" security="restricted" src="https://narteks.net/index.php/2010/02/22/yasamak-agrisi-asildi-boynuma-ahmet-kaya-ve-sarkilari/embed/#?secret=mnvn2Wppe5" width="600" height="338" title="&#8220;Yaşamak ağrısı asıldı boynuma | Ahmet Kaya ve şarkıları&#8221; &#8212; narteks.net" data-secret="mnvn2Wppe5" frameborder="0" marginwidth="0" marginheight="0" scrolling="no" class="wp-embedded-content"></iframe><script type="text/javascript">
/* <![CDATA[ */
/*! This file is auto-generated */
!function(d,l){"use strict";l.querySelector&&d.addEventListener&&"undefined"!=typeof URL&&(d.wp=d.wp||{},d.wp.receiveEmbedMessage||(d.wp.receiveEmbedMessage=function(e){var t=e.data;if((t||t.secret||t.message||t.value)&&!/[^a-zA-Z0-9]/.test(t.secret)){for(var s,r,n,a=l.querySelectorAll('iframe[data-secret="'+t.secret+'"]'),o=l.querySelectorAll('blockquote[data-secret="'+t.secret+'"]'),c=new RegExp("^https?:$","i"),i=0;i<o.length;i++)o[i].style.display="none";for(i=0;i<a.length;i++)s=a[i],e.source===s.contentWindow&&(s.removeAttribute("style"),"height"===t.message?(1e3<(r=parseInt(t.value,10))?r=1e3:~~r<200&&(r=200),s.height=r):"link"===t.message&&(r=new URL(s.getAttribute("src")),n=new URL(t.value),c.test(n.protocol))&&n.host===r.host&&l.activeElement===s&&(d.top.location.href=t.value))}},d.addEventListener("message",d.wp.receiveEmbedMessage,!1),l.addEventListener("DOMContentLoaded",function(){for(var e,t,s=l.querySelectorAll("iframe.wp-embedded-content"),r=0;r<s.length;r++)(t=(e=s[r]).getAttribute("data-secret"))||(t=Math.random().toString(36).substring(2,12),e.src+="#?secret="+t,e.setAttribute("data-secret",t)),e.contentWindow.postMessage({message:"ready",secret:t},"*")},!1)))}(window,document);
//# sourceURL=https://narteks.net/wp-includes/js/wp-embed.min.js
/* ]]> */
</script>

1957 yılında Adıyaman&#8217;dan Malatya&#8217;ya göç etmiş Kürt bir baba ile Erzurumlu bir Zaza annenin beşinci çocuğu olarak doğdu.Babası Sümerbank mensucat fabrikasında çalışan bir işçiydi. İlkokulu Malatya&#8217;da okudu ve kendi hayatını anlattığı bir belgeselde müzikle altı yaşında babasının hediye ettiği bağlama ile tanıştığını söyler. Okuldan geri kalan zamanlarında plak ve kaset satan bir dükkânda çalışmaya başladı. [&hellip;]
