{"version":"1.0","provider_name":"narteks.net","provider_url":"https:\/\/narteks.net","author_name":"Tar\u0131k","author_url":"https:\/\/narteks.net\/index.php\/author\/narbak\/","title":"Materyalizm ve Devrim | Jean Paul Sartre","type":"rich","width":600,"height":338,"html":"<blockquote class=\"wp-embedded-content\" data-secret=\"mIqb4s04BT\"><a href=\"https:\/\/narteks.net\/index.php\/2010\/05\/17\/materyalizm-ve-devrim-jean-paul-sartre\/\">Materyalizm ve Devrim | Jean Paul Sartre<\/a><\/blockquote><iframe sandbox=\"allow-scripts\" security=\"restricted\" src=\"https:\/\/narteks.net\/index.php\/2010\/05\/17\/materyalizm-ve-devrim-jean-paul-sartre\/embed\/#?secret=mIqb4s04BT\" width=\"600\" height=\"338\" title=\"&#8220;Materyalizm ve Devrim | Jean Paul Sartre&#8221; &#8212; narteks.net\" data-secret=\"mIqb4s04BT\" frameborder=\"0\" marginwidth=\"0\" marginheight=\"0\" scrolling=\"no\" class=\"wp-embedded-content\"><\/iframe><script type=\"text\/javascript\">\n\/* <![CDATA[ *\/\n\/*! This file is auto-generated *\/\n!function(d,l){\"use strict\";l.querySelector&&d.addEventListener&&\"undefined\"!=typeof URL&&(d.wp=d.wp||{},d.wp.receiveEmbedMessage||(d.wp.receiveEmbedMessage=function(e){var t=e.data;if((t||t.secret||t.message||t.value)&&!\/[^a-zA-Z0-9]\/.test(t.secret)){for(var s,r,n,a=l.querySelectorAll('iframe[data-secret=\"'+t.secret+'\"]'),o=l.querySelectorAll('blockquote[data-secret=\"'+t.secret+'\"]'),c=new RegExp(\"^https?:$\",\"i\"),i=0;i<o.length;i++)o[i].style.display=\"none\";for(i=0;i<a.length;i++)s=a[i],e.source===s.contentWindow&&(s.removeAttribute(\"style\"),\"height\"===t.message?(1e3<(r=parseInt(t.value,10))?r=1e3:~~r<200&&(r=200),s.height=r):\"link\"===t.message&&(r=new URL(s.getAttribute(\"src\")),n=new URL(t.value),c.test(n.protocol))&&n.host===r.host&&l.activeElement===s&&(d.top.location.href=t.value))}},d.addEventListener(\"message\",d.wp.receiveEmbedMessage,!1),l.addEventListener(\"DOMContentLoaded\",function(){for(var e,t,s=l.querySelectorAll(\"iframe.wp-embedded-content\"),r=0;r<s.length;r++)(t=(e=s[r]).getAttribute(\"data-secret\"))||(t=Math.random().toString(36).substring(2,12),e.src+=\"#?secret=\"+t,e.setAttribute(\"data-secret\",t)),e.contentWindow.postMessage({message:\"ready\",secret:t},\"*\")},!1)))}(window,document);\n\/\/# sourceURL=https:\/\/narteks.net\/wp-includes\/js\/wp-embed.min.js\n\/* ]]> *\/\n<\/script>\n","description":"\u2018\u2019Materyalizm ve Devrim \u2018\u2019 yaz\u0131s\u0131n\u0131 Sartre ,Budape\u015fte krizinden on y\u0131l \u00f6nce yazm\u0131\u015ft\u0131.\u0130lk bas\u0131m \u2018\u2019Les Temps Modernes\u2019\u2019 dergisinin Haziran-Temmuz 1946 say\u0131s\u0131nda g\u00f6r\u00fcld\u00fc.Bu yaz\u0131 Sartre\u2019\u0131n o zamanki tutumu ile \u015fimdiki aras\u0131nda ne b\u00fcy\u00fck fark oldu\u011funu daha iyi belirtir.Intelligenstia de Cafe Fore ile gen\u00e7 ekzistansiyalizm ile kom\u00fcnizmi birbirinden kesin olarak ay\u0131ran parlak felsefi bir operasyon diye selamlad\u0131lar.\u00dcn\u00fcn\u00fc Lettres [&hellip;]","thumbnail_url":"https:\/\/narteks.net\/wp-content\/uploads\/narteks.png","thumbnail_width":300,"thumbnail_height":90}

Tarık

‘’Materyalizm ve Devrim ‘’ yazısını Sartre ,Budapeşte krizinden on yıl önce yazmıştı.İlk basım ‘’Les Temps Modernes’’ dergisinin Haziran-Temmuz 1946 sayısında görüldü.Bu yazı Sartre’ın o zamanki tutumu ile şimdiki arasında ne büyük fark olduğunu daha iyi belirtir.Intelligenstia de Cafe Fore ile genç ekzistansiyalizm ile komünizmi birbirinden kesin olarak ayıran parlak felsefi bir operasyon diye selamladılar.Ününü Lettres [&hellip;]
