{"version":"1.0","provider_name":"narteks.net","provider_url":"https:\/\/narteks.net","author_name":"Tar\u0131k","author_url":"https:\/\/narteks.net\/index.php\/author\/narbak\/","title":"Aristoteles'te Retorik ve Poetika | Friedrich SOLMSEN","type":"rich","width":600,"height":338,"html":"<blockquote class=\"wp-embedded-content\" data-secret=\"PXIs3YJSNK\"><a href=\"https:\/\/narteks.net\/index.php\/2010\/10\/14\/aristoteleste-retorik-ve-poetika-friedrich-solmsen\/\">Aristoteles&#8217;te Retorik ve Poetika |  Friedrich SOLMSEN<\/a><\/blockquote><iframe sandbox=\"allow-scripts\" security=\"restricted\" src=\"https:\/\/narteks.net\/index.php\/2010\/10\/14\/aristoteleste-retorik-ve-poetika-friedrich-solmsen\/embed\/#?secret=PXIs3YJSNK\" width=\"600\" height=\"338\" title=\"&#8220;Aristoteles&#8217;te Retorik ve Poetika |  Friedrich SOLMSEN&#8221; &#8212; narteks.net\" data-secret=\"PXIs3YJSNK\" frameborder=\"0\" marginwidth=\"0\" marginheight=\"0\" scrolling=\"no\" class=\"wp-embedded-content\"><\/iframe><script type=\"text\/javascript\">\n\/* <![CDATA[ *\/\n\/*! This file is auto-generated *\/\n!function(d,l){\"use strict\";l.querySelector&&d.addEventListener&&\"undefined\"!=typeof URL&&(d.wp=d.wp||{},d.wp.receiveEmbedMessage||(d.wp.receiveEmbedMessage=function(e){var t=e.data;if((t||t.secret||t.message||t.value)&&!\/[^a-zA-Z0-9]\/.test(t.secret)){for(var s,r,n,a=l.querySelectorAll('iframe[data-secret=\"'+t.secret+'\"]'),o=l.querySelectorAll('blockquote[data-secret=\"'+t.secret+'\"]'),c=new RegExp(\"^https?:$\",\"i\"),i=0;i<o.length;i++)o[i].style.display=\"none\";for(i=0;i<a.length;i++)s=a[i],e.source===s.contentWindow&&(s.removeAttribute(\"style\"),\"height\"===t.message?(1e3<(r=parseInt(t.value,10))?r=1e3:~~r<200&&(r=200),s.height=r):\"link\"===t.message&&(r=new URL(s.getAttribute(\"src\")),n=new URL(t.value),c.test(n.protocol))&&n.host===r.host&&l.activeElement===s&&(d.top.location.href=t.value))}},d.addEventListener(\"message\",d.wp.receiveEmbedMessage,!1),l.addEventListener(\"DOMContentLoaded\",function(){for(var e,t,s=l.querySelectorAll(\"iframe.wp-embedded-content\"),r=0;r<s.length;r++)(t=(e=s[r]).getAttribute(\"data-secret\"))||(t=Math.random().toString(36).substring(2,12),e.src+=\"#?secret=\"+t,e.setAttribute(\"data-secret\",t)),e.contentWindow.postMessage({message:\"ready\",secret:t},\"*\")},!1)))}(window,document);\n\/\/# sourceURL=https:\/\/narteks.net\/wp-includes\/js\/wp-embed.min.js\n\/* ]]> *\/\n<\/script>\n","description":"Retorik ve Poetika\u2019n\u0131n, birbirine ko\u015fut \u00e7izgilerde ilerleyen ya da birbirini tamamlayan yap\u0131tlar oldu\u011fu pek d\u00fc\u015f\u00fcn\u00fclemez. Ele al\u0131nd\u0131klar\u0131 d\u00fc\u015f\u00fcnce tarz\u0131na ba\u011fl\u0131 olarak, kar\u015f\u0131l\u0131kl\u0131 ili\u015fkiler i\u00e7inde olabilirler de, olmayabilirler de. Aristoteles, kendisinden sonra gelen ku\u015faklar boyunca, her iki alanda da bir yetke olacakt\u0131; ad\u0131 ve sayg\u0131nl\u0131\u011f\u0131, iki konuyu bir arada g\u00f6t\u00fcrmekte rol oynayacakt\u0131. Bunun bir nedeni, \u015fiirin, [&hellip;]","thumbnail_url":"http:\/\/www.nhm.uio.no\/besokende\/skiftende-utstillinger\/againstnature\/images\/aristoteles.jpg"}

Tarık

Retorik ve Poetika’nın, birbirine koşut çizgilerde ilerleyen ya da birbirini tamamlayan yapıtlar olduğu pek düşünülemez. Ele alındıkları düşünce tarzına bağlı olarak, karşılıklı ilişkiler içinde olabilirler de, olmayabilirler de. Aristoteles, kendisinden sonra gelen kuşaklar boyunca, her iki alanda da bir yetke olacaktı; adı ve saygınlığı, iki konuyu bir arada götürmekte rol oynayacaktı. Bunun bir nedeni, şiirin, [&hellip;]
