{"version":"1.0","provider_name":"narteks.net","provider_url":"https:\/\/narteks.net","author_name":"Tar\u0131k","author_url":"https:\/\/narteks.net\/index.php\/author\/narbak\/","title":"Freud ve Jung'da Psikanaliz ve Din | Erich Fromm","type":"rich","width":600,"height":338,"html":"<blockquote class=\"wp-embedded-content\" data-secret=\"LHVHF3LY2W\"><a href=\"https:\/\/narteks.net\/index.php\/2010\/12\/16\/freud-ve-jungda-psikanaliz-ve-din-erich-fromm\/\">Freud ve Jung&#8217;da Psikanaliz ve Din | Erich Fromm<\/a><\/blockquote><iframe sandbox=\"allow-scripts\" security=\"restricted\" src=\"https:\/\/narteks.net\/index.php\/2010\/12\/16\/freud-ve-jungda-psikanaliz-ve-din-erich-fromm\/embed\/#?secret=LHVHF3LY2W\" width=\"600\" height=\"338\" title=\"&#8220;Freud ve Jung&#8217;da Psikanaliz ve Din | Erich Fromm&#8221; &#8212; narteks.net\" data-secret=\"LHVHF3LY2W\" frameborder=\"0\" marginwidth=\"0\" marginheight=\"0\" scrolling=\"no\" class=\"wp-embedded-content\"><\/iframe><script type=\"text\/javascript\">\n\/* <![CDATA[ *\/\n\/*! This file is auto-generated *\/\n!function(d,l){\"use strict\";l.querySelector&&d.addEventListener&&\"undefined\"!=typeof URL&&(d.wp=d.wp||{},d.wp.receiveEmbedMessage||(d.wp.receiveEmbedMessage=function(e){var t=e.data;if((t||t.secret||t.message||t.value)&&!\/[^a-zA-Z0-9]\/.test(t.secret)){for(var s,r,n,a=l.querySelectorAll('iframe[data-secret=\"'+t.secret+'\"]'),o=l.querySelectorAll('blockquote[data-secret=\"'+t.secret+'\"]'),c=new RegExp(\"^https?:$\",\"i\"),i=0;i<o.length;i++)o[i].style.display=\"none\";for(i=0;i<a.length;i++)s=a[i],e.source===s.contentWindow&&(s.removeAttribute(\"style\"),\"height\"===t.message?(1e3<(r=parseInt(t.value,10))?r=1e3:~~r<200&&(r=200),s.height=r):\"link\"===t.message&&(r=new URL(s.getAttribute(\"src\")),n=new URL(t.value),c.test(n.protocol))&&n.host===r.host&&l.activeElement===s&&(d.top.location.href=t.value))}},d.addEventListener(\"message\",d.wp.receiveEmbedMessage,!1),l.addEventListener(\"DOMContentLoaded\",function(){for(var e,t,s=l.querySelectorAll(\"iframe.wp-embedded-content\"),r=0;r<s.length;r++)(t=(e=s[r]).getAttribute(\"data-secret\"))||(t=Math.random().toString(36).substring(2,12),e.src+=\"#?secret=\"+t,e.setAttribute(\"data-secret\",t)),e.contentWindow.postMessage({message:\"ready\",secret:t},\"*\")},!1)))}(window,document);\n\/\/# sourceURL=https:\/\/narteks.net\/wp-includes\/js\/wp-embed.min.js\n\/* ]]> *\/\n<\/script>\n","description":"Freud, psikanaliz ve din sorununu, parlak yap\u0131tlar\u0131ndan biri olan \u2018Die Zukunft Einer Illusion\u2019 da inceler. Mitoslar\u0131n ve dinsel ideallerin insan \u00fczerinde derin etkileri oldu\u011funu ilk farkedenlerden biri olan Jung ise, ayn\u0131 konuyu Yale Universitesi\u2019nde verdi\u011fi Terry Vakf\u0131 Konferanslar\u0131nda i\u015flemi\u015ftir.(1)\u015eimdi ben, bu iki psikanalizcinin tav\u0131rlar\u0131 konusunda k\u0131sa bir \u00f6zet yapmak istiyorum. \u00d6nce bu davran\u0131\u015f\u0131m\u0131n \u00fc\u00e7 nedenini [&hellip;]","thumbnail_url":"http:\/\/1.bp.blogspot.com\/_O1Zi8BY8JcI\/SfChKNeehjI\/AAAAAAAAAVA\/mbnawUb8jSQ\/s400\/sigmund%2Bfreud%2B.jpg"}

Tarık

Freud, psikanaliz ve din sorununu, parlak yapıtlarından biri olan ‘Die Zukunft Einer Illusion’ da inceler. Mitosların ve dinsel ideallerin insan üzerinde derin etkileri olduğunu ilk farkedenlerden biri olan Jung ise, aynı konuyu Yale Universitesi’nde verdiği Terry Vakfı Konferanslarında işlemiştir.(1)Şimdi ben, bu iki psikanalizcinin tavırları konusunda kısa bir özet yapmak istiyorum. Önce bu davranışımın üç nedenini [&hellip;]
