{"version":"1.0","provider_name":"narteks.net","provider_url":"https:\/\/narteks.net","author_name":"Tar\u0131k","author_url":"https:\/\/narteks.net\/index.php\/author\/narbak\/","title":"F. Engels: \u0130ngiltere'de Emek\u00e7i S\u0131n\u0131f\u0131n Durumu (2.B\u00f6l\u00fcm)","type":"rich","width":600,"height":338,"html":"<blockquote class=\"wp-embedded-content\" data-secret=\"VUgytsvxuZ\"><a href=\"https:\/\/narteks.net\/index.php\/2011\/03\/10\/f-engels-ingilterede-emekci-sinifin-durumu-2bolum\/\">F. Engels: \u0130ngiltere&#8217;de Emek\u00e7i S\u0131n\u0131f\u0131n Durumu (2.B\u00f6l\u00fcm)<\/a><\/blockquote><iframe sandbox=\"allow-scripts\" security=\"restricted\" src=\"https:\/\/narteks.net\/index.php\/2011\/03\/10\/f-engels-ingilterede-emekci-sinifin-durumu-2bolum\/embed\/#?secret=VUgytsvxuZ\" width=\"600\" height=\"338\" title=\"&#8220;F. Engels: \u0130ngiltere&#8217;de Emek\u00e7i S\u0131n\u0131f\u0131n Durumu (2.B\u00f6l\u00fcm)&#8221; &#8212; narteks.net\" data-secret=\"VUgytsvxuZ\" frameborder=\"0\" marginwidth=\"0\" marginheight=\"0\" scrolling=\"no\" class=\"wp-embedded-content\"><\/iframe><script type=\"text\/javascript\">\n\/* <![CDATA[ *\/\n\/*! This file is auto-generated *\/\n!function(d,l){\"use strict\";l.querySelector&&d.addEventListener&&\"undefined\"!=typeof URL&&(d.wp=d.wp||{},d.wp.receiveEmbedMessage||(d.wp.receiveEmbedMessage=function(e){var t=e.data;if((t||t.secret||t.message||t.value)&&!\/[^a-zA-Z0-9]\/.test(t.secret)){for(var s,r,n,a=l.querySelectorAll('iframe[data-secret=\"'+t.secret+'\"]'),o=l.querySelectorAll('blockquote[data-secret=\"'+t.secret+'\"]'),c=new RegExp(\"^https?:$\",\"i\"),i=0;i<o.length;i++)o[i].style.display=\"none\";for(i=0;i<a.length;i++)s=a[i],e.source===s.contentWindow&&(s.removeAttribute(\"style\"),\"height\"===t.message?(1e3<(r=parseInt(t.value,10))?r=1e3:~~r<200&&(r=200),s.height=r):\"link\"===t.message&&(r=new URL(s.getAttribute(\"src\")),n=new URL(t.value),c.test(n.protocol))&&n.host===r.host&&l.activeElement===s&&(d.top.location.href=t.value))}},d.addEventListener(\"message\",d.wp.receiveEmbedMessage,!1),l.addEventListener(\"DOMContentLoaded\",function(){for(var e,t,s=l.querySelectorAll(\"iframe.wp-embedded-content\"),r=0;r<s.length;r++)(t=(e=s[r]).getAttribute(\"data-secret\"))||(t=Math.random().toString(36).substring(2,12),e.src+=\"#?secret=\"+t,e.setAttribute(\"data-secret\",t)),e.contentWindow.postMessage({message:\"ready\",secret:t},\"*\")},!1)))}(window,document);\n\/\/# sourceURL=https:\/\/narteks.net\/wp-includes\/js\/wp-embed.min.js\n\/* ]]> *\/\n<\/script>\n","description":"[ALMANCA \u0130LK BASKIYA] \u00d6NS\u00d6Z[3] BU \u00d6NS\u00d6Z\u00dc izleyen kitab\u0131 asl\u0131nda, \u0130ngiltere&#8217;nin toplumsal tarihi \u00fczerine yapaca\u011f\u0131m daha geni\u015f bir \u00e7al\u0131\u015fman\u0131n bir b\u00f6l\u00fcm\u00fc olarak yazmaya niyetlenmi\u015ftim.[4] Ancak konunun \u00f6nemi, \u00e7al\u0131\u015fmaya ba\u015flad\u0131ktan k\u0131sa s\u00fcre sonra, sorunu ayr\u0131ca ara\u015ft\u0131rmam\u0131 gerektirdi. \u0130\u015f\u00e7i s\u0131n\u0131f\u0131n\u0131n durumu, g\u00fcn\u00fcm\u00fczdeki b\u00fct\u00fcn toplumsal hareketlerin ger\u00e7ek temeli ve \u00e7\u0131k\u0131\u015f noktas\u0131d\u0131r; \u00e7\u00fcnk\u00fc g\u00fcn\u00fcm\u00fczdeki toplumsal yoksullu\u011fun en saklanamaz ve en [&hellip;]","thumbnail_url":"http:\/\/upload.wikimedia.org\/wikipedia\/commons\/7\/71\/Engels.jpg"}

Tarık

F. Engels: İngiltere'de Emekçi Sınıfın Durumu (2.Bölüm)

<blockquote class="wp-embedded-content" data-secret="VUgytsvxuZ"><a href="https://narteks.net/index.php/2011/03/10/f-engels-ingilterede-emekci-sinifin-durumu-2bolum/">F. Engels: İngiltere&#8217;de Emekçi Sınıfın Durumu (2.Bölüm)</a></blockquote><iframe sandbox="allow-scripts" security="restricted" src="https://narteks.net/index.php/2011/03/10/f-engels-ingilterede-emekci-sinifin-durumu-2bolum/embed/#?secret=VUgytsvxuZ" width="600" height="338" title="&#8220;F. Engels: İngiltere&#8217;de Emekçi Sınıfın Durumu (2.Bölüm)&#8221; &#8212; narteks.net" data-secret="VUgytsvxuZ" frameborder="0" marginwidth="0" marginheight="0" scrolling="no" class="wp-embedded-content"></iframe><script type="text/javascript">
/* <![CDATA[ */
/*! This file is auto-generated */
!function(d,l){"use strict";l.querySelector&&d.addEventListener&&"undefined"!=typeof URL&&(d.wp=d.wp||{},d.wp.receiveEmbedMessage||(d.wp.receiveEmbedMessage=function(e){var t=e.data;if((t||t.secret||t.message||t.value)&&!/[^a-zA-Z0-9]/.test(t.secret)){for(var s,r,n,a=l.querySelectorAll('iframe[data-secret="'+t.secret+'"]'),o=l.querySelectorAll('blockquote[data-secret="'+t.secret+'"]'),c=new RegExp("^https?:$","i"),i=0;i<o.length;i++)o[i].style.display="none";for(i=0;i<a.length;i++)s=a[i],e.source===s.contentWindow&&(s.removeAttribute("style"),"height"===t.message?(1e3<(r=parseInt(t.value,10))?r=1e3:~~r<200&&(r=200),s.height=r):"link"===t.message&&(r=new URL(s.getAttribute("src")),n=new URL(t.value),c.test(n.protocol))&&n.host===r.host&&l.activeElement===s&&(d.top.location.href=t.value))}},d.addEventListener("message",d.wp.receiveEmbedMessage,!1),l.addEventListener("DOMContentLoaded",function(){for(var e,t,s=l.querySelectorAll("iframe.wp-embedded-content"),r=0;r<s.length;r++)(t=(e=s[r]).getAttribute("data-secret"))||(t=Math.random().toString(36).substring(2,12),e.src+="#?secret="+t,e.setAttribute("data-secret",t)),e.contentWindow.postMessage({message:"ready",secret:t},"*")},!1)))}(window,document);
//# sourceURL=https://narteks.net/wp-includes/js/wp-embed.min.js
/* ]]> */
</script>

[ALMANCA İLK BASKIYA] ÖNSÖZ[3] BU ÖNSÖZÜ izleyen kitabı aslında, İngiltere&#8217;nin toplumsal tarihi üzerine yapacağım daha geniş bir çalışmanın bir bölümü olarak yazmaya niyetlenmiştim.[4] Ancak konunun önemi, çalışmaya başladıktan kısa süre sonra, sorunu ayrıca araştırmamı gerektirdi. İşçi sınıfının durumu, günümüzdeki bütün toplumsal hareketlerin gerçek temeli ve çıkış noktasıdır; çünkü günümüzdeki toplumsal yoksulluğun en saklanamaz ve en [&hellip;]
