{"version":"1.0","provider_name":"narteks.net","provider_url":"https:\/\/narteks.net","author_name":"Tar\u0131k","author_url":"https:\/\/narteks.net\/index.php\/author\/narbak\/","title":"GER\u0130LEYEN T\u00dcRK\u0130YE YAHUT ADNAN MENDERES'E \u00d6\u011e\u00dcTLER","type":"rich","width":600,"height":338,"html":"<blockquote class=\"wp-embedded-content\" data-secret=\"0CRRoLrTYp\"><a href=\"https:\/\/narteks.net\/index.php\/2011\/06\/07\/gerileyen-turkiye-yahut-adnan-menderese-ogutler\/\">GER\u0130LEYEN T\u00dcRK\u0130YE YAHUT ADNAN MENDERES&#8217;E \u00d6\u011e\u00dcTLER<\/a><\/blockquote><iframe sandbox=\"allow-scripts\" security=\"restricted\" src=\"https:\/\/narteks.net\/index.php\/2011\/06\/07\/gerileyen-turkiye-yahut-adnan-menderese-ogutler\/embed\/#?secret=0CRRoLrTYp\" width=\"600\" height=\"338\" title=\"&#8220;GER\u0130LEYEN T\u00dcRK\u0130YE YAHUT ADNAN MENDERES&#8217;E \u00d6\u011e\u00dcTLER&#8221; &#8212; narteks.net\" data-secret=\"0CRRoLrTYp\" frameborder=\"0\" marginwidth=\"0\" marginheight=\"0\" scrolling=\"no\" class=\"wp-embedded-content\"><\/iframe><script type=\"text\/javascript\">\n\/* <![CDATA[ *\/\n\/*! This file is auto-generated *\/\n!function(d,l){\"use strict\";l.querySelector&&d.addEventListener&&\"undefined\"!=typeof URL&&(d.wp=d.wp||{},d.wp.receiveEmbedMessage||(d.wp.receiveEmbedMessage=function(e){var t=e.data;if((t||t.secret||t.message||t.value)&&!\/[^a-zA-Z0-9]\/.test(t.secret)){for(var s,r,n,a=l.querySelectorAll('iframe[data-secret=\"'+t.secret+'\"]'),o=l.querySelectorAll('blockquote[data-secret=\"'+t.secret+'\"]'),c=new RegExp(\"^https?:$\",\"i\"),i=0;i<o.length;i++)o[i].style.display=\"none\";for(i=0;i<a.length;i++)s=a[i],e.source===s.contentWindow&&(s.removeAttribute(\"style\"),\"height\"===t.message?(1e3<(r=parseInt(t.value,10))?r=1e3:~~r<200&&(r=200),s.height=r):\"link\"===t.message&&(r=new URL(s.getAttribute(\"src\")),n=new URL(t.value),c.test(n.protocol))&&n.host===r.host&&l.activeElement===s&&(d.top.location.href=t.value))}},d.addEventListener(\"message\",d.wp.receiveEmbedMessage,!1),l.addEventListener(\"DOMContentLoaded\",function(){for(var e,t,s=l.querySelectorAll(\"iframe.wp-embedded-content\"),r=0;r<s.length;r++)(t=(e=s[r]).getAttribute(\"data-secret\"))||(t=Math.random().toString(36).substring(2,12),e.src+=\"#?secret=\"+t,e.setAttribute(\"data-secret\",t)),e.contentWindow.postMessage({message:\"ready\",secret:t},\"*\")},!1)))}(window,document);\n\/\/# sourceURL=https:\/\/narteks.net\/wp-includes\/js\/wp-embed.min.js\n\/* ]]> *\/\n<\/script>\n","description":"Nev York Tayms gazetesi 29 Aral\u0131k 1954 tarihli say\u0131s\u0131nda &#8220;T\u00fcrkiye Geriliyor&#8221; ba\u015fl\u0131kl\u0131 bir ba\u015fyaz\u0131 yay\u0131mlad\u0131. Bu ba\u015fyaz\u0131da \u015f\u00f6yle sat\u0131rlar var : &#8220;O &#8211; Adnan Menderes &#8211; Bas\u0131n h\u00fcrriyetini yok ediyor&#8230; Bas\u0131nda kendisini tenkit edenleri hapse at\u0131yor&#8230; Siyasi muhalefeti eziyor&#8230; Menderes i\u015f\u00e7ilere grev hakk\u0131n\u0131 tan\u0131yaca\u011f\u0131n\u0131 vaad etmi\u015fti&#8230; Halbuki en k\u0131sa grevler i\u00e7in i\u015f\u00e7ileri takip ediyor&#8230;&#8221; Ben, [&hellip;]","thumbnail_url":"https:\/\/narteks.net\/wp-content\/uploads\/narteks.png","thumbnail_width":300,"thumbnail_height":90}

Tarık

GERİLEYEN TÜRKİYE YAHUT ADNAN MENDERES'E ÖĞÜTLER

<blockquote class="wp-embedded-content" data-secret="0CRRoLrTYp"><a href="https://narteks.net/index.php/2011/06/07/gerileyen-turkiye-yahut-adnan-menderese-ogutler/">GERİLEYEN TÜRKİYE YAHUT ADNAN MENDERES&#8217;E ÖĞÜTLER</a></blockquote><iframe sandbox="allow-scripts" security="restricted" src="https://narteks.net/index.php/2011/06/07/gerileyen-turkiye-yahut-adnan-menderese-ogutler/embed/#?secret=0CRRoLrTYp" width="600" height="338" title="&#8220;GERİLEYEN TÜRKİYE YAHUT ADNAN MENDERES&#8217;E ÖĞÜTLER&#8221; &#8212; narteks.net" data-secret="0CRRoLrTYp" frameborder="0" marginwidth="0" marginheight="0" scrolling="no" class="wp-embedded-content"></iframe><script type="text/javascript">
/* <![CDATA[ */
/*! This file is auto-generated */
!function(d,l){"use strict";l.querySelector&&d.addEventListener&&"undefined"!=typeof URL&&(d.wp=d.wp||{},d.wp.receiveEmbedMessage||(d.wp.receiveEmbedMessage=function(e){var t=e.data;if((t||t.secret||t.message||t.value)&&!/[^a-zA-Z0-9]/.test(t.secret)){for(var s,r,n,a=l.querySelectorAll('iframe[data-secret="'+t.secret+'"]'),o=l.querySelectorAll('blockquote[data-secret="'+t.secret+'"]'),c=new RegExp("^https?:$","i"),i=0;i<o.length;i++)o[i].style.display="none";for(i=0;i<a.length;i++)s=a[i],e.source===s.contentWindow&&(s.removeAttribute("style"),"height"===t.message?(1e3<(r=parseInt(t.value,10))?r=1e3:~~r<200&&(r=200),s.height=r):"link"===t.message&&(r=new URL(s.getAttribute("src")),n=new URL(t.value),c.test(n.protocol))&&n.host===r.host&&l.activeElement===s&&(d.top.location.href=t.value))}},d.addEventListener("message",d.wp.receiveEmbedMessage,!1),l.addEventListener("DOMContentLoaded",function(){for(var e,t,s=l.querySelectorAll("iframe.wp-embedded-content"),r=0;r<s.length;r++)(t=(e=s[r]).getAttribute("data-secret"))||(t=Math.random().toString(36).substring(2,12),e.src+="#?secret="+t,e.setAttribute("data-secret",t)),e.contentWindow.postMessage({message:"ready",secret:t},"*")},!1)))}(window,document);
//# sourceURL=https://narteks.net/wp-includes/js/wp-embed.min.js
/* ]]> */
</script>

Nev York Tayms gazetesi 29 Aralık 1954 tarihli sayısında &#8220;Türkiye Geriliyor&#8221; başlıklı bir başyazı yayımladı. Bu başyazıda şöyle satırlar var : &#8220;O &#8211; Adnan Menderes &#8211; Basın hürriyetini yok ediyor&#8230; Basında kendisini tenkit edenleri hapse atıyor&#8230; Siyasi muhalefeti eziyor&#8230; Menderes işçilere grev hakkını tanıyacağını vaad etmişti&#8230; Halbuki en kısa grevler için işçileri takip ediyor&#8230;&#8221; Ben, [&hellip;]
